01)
39
What is the value of (7 - 3 - 1 - (-31 - -42)) + 18?
10
What is the value of (-10 + 0 - -3) + 5?
-2
What is the value of -9 + 0 - (-10 + (-16 - (-1 + -4)))?
12
Evaluate -16 + 15 + -12 + 7 - (-2 + -9).
5
(0 - -3 - (0 - -9)) + (0 - -4)
-2
What is the value of -1 + 32 - (-369 + 384)?
16
Calculate -1 - -14 - (-151 - -163).
1
-13 + (15 - -1 - -6)
9
What is the value of -29 + 11 + (6 - (-6 + (-3 - -13)))?
-16
What is 60 + -56 + (-12 + 2 - 0)?
-6
Calculate -19 + (15 + 13 - 11).
-2
What is -20 + 15 - ((-1 - -20) + -4)?
-20
Evaluate 14 + -17 - -6 - 2 - 4.
-3
Evaluate 18 - 7 - (-4 - -16).
-1
6 + -1 + 1 + -4 - 10
-8
-5 - (-1 - (2 - 1)) - (115 + -96)
-22
What is -6 + (28 - 38 - ((-2 - -21) + 1))?
-36
What is -19 - 0 - (-184 + 177)?
-12
What is -9 + (4 + 2 + -8 - 1) + 9?
-3
What is the value of -4 + 3 + -5 + -2 + 1 - -5?
-2
-6 + (-2 - (1 - ((7 - 0) + -2)))
-4
Calculate (4 - (-13 + 11 - -10)) + -6.
-10
-10 + 0 - (169 - 171)
-8
-3 + (6 - 8) + 0 + -5
-10
What is the value of 4 + -24 + 14 - 9?
-15
Evaluate 2 - (6 + -3 + (1 - (6 + -1))).
3
Calculate -7 + (-4 - -11 - -4).
4
Evaluate 11 - (-15 - (1 + -8) - -1).
18
10 - (-4 + 10 + (24 - 12))
-8
Calculate 12 + 4 + (-5 - 7 - 0) - -12.
16
-13 - (34 + (-14 - 20))
-13
(-16 - -5 - -7) + 3 + (-4 - -7)
2
3 + 4 + 2 + 4 - 9
4
Calculate (14 - (-18 - -17)) + -13.
2
70 + -86 + (-6 - -43)
21
-12 + 3 + (8 - 6 - -2)
-5
What is the value of 78 - 81 - (8 - 1)?
-10
Evaluate -15 - (-6 + (6 - -3 - 7)).
-11
What is the value of (-22 + 33 - (-1 - -8)) + (11 - 1)?
14
What is the value of -11 + (-4 + 1 - -12)?
-2
Evaluate 2 + 11 + -12 + (3 - -1) + 1.
6
Evaluate ((3 - 7) + 3 - -15) + (67 - 66).
15
What is (-8 - 51) + 69 + -4 + -1?
5
Evaluate (8 - (7 - 12)) + -10 + 2 + 4.
9
What is (16 - 7) + (9 - 12)?
6
What is the value of 7 - (4 + (4 - 22) + 10)?
11
Calculate -13 - -14 - (7 + -17).
11
What is the value of -47 - (-28 + (23 - -1) + -12)?
-31
Evaluate (-10 - 11) + 174 + -139.
14
What is the value of 7 - ((26 - 30 - -4) + -7 + 0)?
14
Evaluate (-47 - -46) + (0 - -7) + -13 - 9.
-16
Calculate (-6 - -10) + -7 - -7.
4
What is the value of 2229 + -2188 + (-2 - -4 - 4 - 8)?
31
What is the value of -10 - (-18 + (5 - -3)) - (5 + 19)?
-24
8 - (-7 + 5 + 19 + -4)
-5
Calculate 247 + -264 + (-1 - -23).
5
What is the value of (-17 - -3) + (-24 - (-43 - -25))?
-20
What is the value of 0 + 3 - (25 - 20 - 0)?
-2
-10 + (-1 - -2 - (79 + -78))
-10
Evaluate -73 + 125 - (36 + -13).
29
What is the value of -11 + -1 + 10 + -2 + -2?
-6
133 - 124 - (3 - (1 - 4))
3
(1 - -9) + 0 + -1 + 0 + 2
11
Calculate -1 - -7 - (-2 + (-6 - -14)) - 5.
-5
What is the value of 63 + 6 + (-62 - -31)?
38
What is the value of (119 - 145) + (41 - -2)?
17
Evaluate -21 + (8 + (-6 - -15) - 7).
-11
Calculate 0 - ((9 - 29) + 20).
0
Evaluate -4 - (27 + -31 - 29).
29
56 - (28 - -22) - (1 + 23)
-18
Calculate (-37 - 1) + 7 + 38.
7
What is -3 + 4 + 6 + -8 + (15 - 6)?
8
What is the value of (2 - -6) + 3 + -14 + 12?
9
-2 + -29 + 1 - (-50 + 38)
-18
What is the value of -4 + -1 + 8 + -2 - (3 - 8)?
6
Evaluate (-14 - 1) + 9 - -13.
7
Calculate (-5 - (-8 - 0)) + 15 + -2.
16
What is 2 + (8 - (15 + -8)) - -11?
14
What is the value of 13 - (10 + (11 - (17 + -14)))?
-5
Calculate -7 - (-18 - ((-4 - 3) + 8)).
12
What is -3 + 13 + -10 - ((4 - 10) + -14)?
20
What is the value of (12 + 5 - 28) + -4?
-15
What is -5 + (-37 - (-18 - (4 - 1) - -11))?
-32
Calculate (4 - (-11 + -3) - 23) + -9 + 0.
-14
Evaluate 8 + -6 - -4 - (3 - 8).
11
What is -14 + 3 - (-51 - -29)?
11
What is 1 + 8 - 11 - -14?
12
Calculate (1 - 6) + 2 - -8 - -6 - -1.
12
What is ((-2 - -15) + -12 - (0 - 0)) + 6?
7
7 + 2 + (1 + -14 - -26)
22
Evaluate 2 + 0 + 0 + (18 - 14) - 3.
3
What is the value of -22 + 3 + -16 + 36?
1
3 + -1 - -1 - (46 - 41)
-2
11 + (-9 - -22 - 11) + -20
-7
Evaluate -28 + 35 + 5 + -22.
-10
What is (-27 - 0 - -1) + (32 - (78 - 53))?
-19
What is (-11 - -24) + (-24 - -13)?
2
Evaluate 11 + 1 + 6 + (-2 + 15 - 9).
22
What is -2 - (0 + -7 + 11 + -22 + 14)?
2
Calculate 1 + -4 + (-8 - -2) - -5.
-4
-13 + (4 - -7) - (-5 + 0 + 0)
3
What is the value of (593 - 587) + (0 - -1)?
7
What is -29 + -5 + (7 + -8 - -8) + 1?
-26
What is -5 + -3 + -2 + 4 - (-12 + 2)?
4
Calculate 4 + 14 + 2 + -1 + 57 + -50.
26
What is 0 + 14 + -13 + 2 + -7 - -3?
-1
Calculate 14 - (11 - 6 - -19 - 9).
-1
What is (9 + -4 - 1) + 9 + -2?
11
0 + -2 - (6 + -4 - -4)
-8
Evaluate -1 - (23 + 56 + -43).
-37
7 - (4 - (8 - ((27 - -3) + -8)))
-11
-3 + 10 + 8 - -2
17
What is the value of 23 - 2 - 11 - 15?
-5
What is the value of (1 + 13 - 3) + -6 - 12?
-7
Calculate 7 + -6 + 0 - (2 - 0) - 5.
-6
What is -32 + -21 + 51 + -12?
-14
-1 + (-19 - -4) + 6 + (-4 - -6)
-8
Calculate (72 - 70) + (-2 + 0 + 0 - 10).
-10
What is the value of -23 - (8 + 16 - 56)?
9
What is 0 + -10 + 0 - (-3 - 19)?
12
Evaluate -25 - -38 - (-42 + 13) - 14.
28
-20 + -6 + 15 + (-1 - 0)
-12
90 - (-73 + 147) - (-1 + -12)
29
-4 - (-6 + -18 + (14 - 10))
16
Evaluate (13 - -20) + -2 + -2 + -6 + 4.
27
What is the value of -10 + (-16 + 3 - -16) - -7?
0
1 + (-23 - -6) + 12 + (21 - 2)
15
9 + (27 - 7) - (1 - 6)
34
What is the value of -1 + -2 + -275 + 279?
1
(-3 - 8) + -3 - -7
-7
What is the value of 6 + (7 - (-4 + -1 + 6))?
12
(7 - 7 - -13) + -7
6
(-300 - -292) + 4 + 0
-4
Calculate (-7 - (-30 + 22)) + -8 + 1.
-6
What is -6 + (-19 - -29) - 26?
-22
What is 321 + -315 + -3 + 0?
3
What is the value of (3 - (14 + -59)) + (-1 - 13)?
34
What is the value of 2 + 6 - (3 - -1)?
4
Evaluate 7 - (3 - -5) - -5.
4
What is the value of -13 + 9 - (1 - (2 - 0 - 3))?
-6
5 + 2 + -3 - (250 + -237)
-9
What is the value of (-1 - 1) + (-170 - -164) - (1 - 26)?
17
What is 0 + -1 - (11 + -3 + 1 + -26)?
16
What is -4 + -10 + 1 + 10 - -16?
13
What is the value of (27 - -14) + -14 + 2 + -5?
24
What is the value of (4 - -2 - -4) + -9 + 4 + 4?
9
-6 + -16 + 13 + (2 - (3 - 1))
-9
Evaluate (-12 + 6 - (1 + -17)) + (-3 - 25).
-18
What is the value of 12 + 11 + -16 + -10?
-3
What is -1 + (3 - 2 - 8) - 7?
-15
What is the value of 244 + -242 - (-1 + -5 + 3)?
5
Evaluate (-2 - -1) + 3 + 1 + -6 + -9.
-12
What is the value of 730 + -736 - (2 + 0 + 0)?
-8
Evaluate 4 - -15 - 38 - -6.
-13
14 - ((-31 - -15) + 30)
0
Calculate -4 + 0 + -7 + -2 + -13 + 26.
0
What is the value of 8 + -2 + 12 + -35 + 12?
-5
What is the value of 5 - 10 - -2 - 2?
-5
-8 - (11 + -27) - 20
-12
(-48 - (6 + -19)) + 7 + 12
-16
10 - (-2 - (1 + 1 - 12))
2
Calculate (1 - (0 + -8)) + (-23 - -56) + -68.
-26
-7 + (-14 - -7) + 6 + 0
-8
What is 13 + -28 + 33 + -18 - (-20 + -1)?
21
Calculate (-122 - -116) + (5 - 11) + -16.
-28
What is the value of (0 - 7) + 18 + -7 + 6?
10
Calculate 8 - (-7 + 0 + 0 + 160 + -128).
-17
Evaluate -7 + (-4 - (7 - 1 - 10)) + 15.
8
Calculate (505 - 529) + 0 + 15.
-9
Calculate (-4 - -20 - -34) + -28.
22
What is the value of (-20 - -7 - 13) + 22?
-4
What is the value of -5 + -1 + 6 - -1 - 2?
-1
Calculate -6 + (1 - 1 - 12 - -10).
-8
Calculate (3 - 2 - -5 - 4) + 25 + -7.
20
-7 - (25 + 17 + -45 - (-8 + -1))
-13
7 - (4 - (-6 + (1 - -6)))
4
14 + (33 - (-27 + 53))
21
Evaluate -2 + 10 + -3 - -4.
9
10 + -12 + (11 - (4 - -8))
-3
Calculate 7 + (8 - 2) + 0 - -3.
16
Calculate 18 + -26 + 33 - (13 - 3).
15
What is -12 + (4 + -6 - -14)?
0
What is the value of (-16 - (-14 - 15)) + -31?
-18
What is (3 - -3) + -17 + (-33 - -19)?
-25
What is the value of 14 + -3 - 20 - (4 + (5 - 6))?
-12
What is the value of 12 + -1 + -3 + 4 + 1 - 4?
9
What is the value of (2 - (4 + -6)) + 0 + -5 + -12?
-13
What is (-8 - -7) + 3 + 0 - -8?
10
What is 0 + 8 - (4 - (-7 + 7))?
4
What is -1 + -26 - (-25 + -2)?
0
What is the value of -7 - -2 - (42 + -55) - (16 + -25)?
17
What is the value of -1 - -9 - (39 - 4)?
-27
(20 - 3) + -10 - (25 - 1)
-17
What is the value of -3 + (-8 + 7 - (-1 + (20 - 5)))?
-18
11 + (-19 - (-35 - -21)) + (0 - 1)
5
Evaluate 5 + 12 + -45 + 1 + -1 + 5.
-23
What is the value of -6 - ((-16 + 9 - -2) + -3)?
2
What is 64 - 68 - (-3 - 3 - (1 + -3))?
0
Evaluate 3 + (1 - 6) - (15 + 2 + 1).
-20
What is 2 + (-27 - -13) + 0?
-12
What is the value of (1 - -1 - (-107 - -99)) + 2?
12
What is 6 - (-7 + -5 + (1 - (4 - 5)))?
16
What is the value of (-15 - -20) + (-21 - (-9 + 6))?
-13
What is -9 + (14 - (-14 - -26)) + (-1 - -1)?
-7
What is the value of -1 + 4 + (0 + 15 - 12)?
6
Evaluate (-31 - -4 - (13 + -23 + 4)) + 4.
-17
Eva